{"id":76,"date":"2019-08-04T21:05:00","date_gmt":"2019-08-05T00:05:00","guid":{"rendered":"http:\/\/ibsousas.org.br\/?page_id=76"},"modified":"2025-12-15T13:56:43","modified_gmt":"2025-12-15T16:56:43","slug":"lares","status":"publish","type":"page","link":"https:\/\/ibsousas.org.br\/?page_id=76","title":{"rendered":"Lares"},"content":{"rendered":"\n<p>Nossa Igreja tem em v\u00e1rios dias e hor\u00e1rios reuni\u00f5es em lares, participe de uma! Dentro destas reuni\u00f5es h\u00e1 sempre um grupo especial que trabalha com as crian\u00e7as, que \u00e9 nosso diferencial de trabalho nos lares com rela\u00e7\u00e3o a outros minist\u00e9rios.<\/p>\n\n\n\n<p><\/p>\n\n\n\n<p class=\"has-text-align-center\"> <\/p>\n\n\n\n<p class=\"has-text-align-left\"><strong>Veja abaixo os locais onde temos grupos.<\/strong><\/p>\n\n\n\n<p>Jardim Concei\u00e7\u00e3o I &#8211; Sousas        ( 19 98110-9867 )<\/p>\n\n\n\n<p>Jardim Concei\u00e7\u00e3o II &#8211; Sousas       ( 19 98880-7600 )<\/p>\n\n\n\n<p>Nova Sousas &#8211; Sousas                 ( 19 98296-4509 )<\/p>\n\n\n\n<p>Jd Paranapanema &#8211; Campinas     ( 19 97428-6307 )<\/p>\n\n\n\n<p><strong>Voc\u00ea tamb\u00e9m pode entrar em contato com o lider do minist\u00e9rio,  Sr Antonio pelo fone: 19 98880-7600, para verificar melhor local e dia para participar.<\/strong><\/p>\n\n\n\n<figure class=\"wp-block-image\"><img loading=\"lazy\" width=\"960\" height=\"720\" src=\"http:\/\/ibsousas.org.br\/wp-content\/uploads\/2019\/08\/PGM1.jpg\" alt=\"\" class=\"wp-image-463\" srcset=\"https:\/\/ibsousas.org.br\/wp-content\/uploads\/2019\/08\/PGM1.jpg 960w, https:\/\/ibsousas.org.br\/wp-content\/uploads\/2019\/08\/PGM1-300x225.jpg 300w, https:\/\/ibsousas.org.br\/wp-content\/uploads\/2019\/08\/PGM1-768x576.jpg 768w\" sizes=\"(max-width: 960px) 100vw, 960px\" \/><\/figure>\n\n\n\n<figure class=\"wp-block-image\"><img loading=\"lazy\" width=\"960\" height=\"720\" src=\"http:\/\/ibsousas.org.br\/wp-content\/uploads\/2019\/08\/PGM2.jpg\" alt=\"\" class=\"wp-image-464\" srcset=\"https:\/\/ibsousas.org.br\/wp-content\/uploads\/2019\/08\/PGM2.jpg 960w, https:\/\/ibsousas.org.br\/wp-content\/uploads\/2019\/08\/PGM2-300x225.jpg 300w, https:\/\/ibsousas.org.br\/wp-content\/uploads\/2019\/08\/PGM2-768x576.jpg 768w\" sizes=\"(max-width: 960px) 100vw, 960px\" \/><\/figure>\n\n\n\n<figure class=\"wp-block-image\"><img loading=\"lazy\" width=\"960\" height=\"720\" src=\"http:\/\/ibsousas.org.br\/wp-content\/uploads\/2019\/08\/PGM3.jpg\" alt=\"\" class=\"wp-image-465\" srcset=\"https:\/\/ibsousas.org.br\/wp-content\/uploads\/2019\/08\/PGM3.jpg 960w, https:\/\/ibsousas.org.br\/wp-content\/uploads\/2019\/08\/PGM3-300x225.jpg 300w, https:\/\/ibsousas.org.br\/wp-content\/uploads\/2019\/08\/PGM3-768x576.jpg 768w\" sizes=\"(max-width: 960px) 100vw, 960px\" \/><\/figure>\n\n\n\n<figure class=\"wp-block-image\"><img loading=\"lazy\" width=\"960\" height=\"540\" src=\"http:\/\/ibsousas.org.br\/wp-content\/uploads\/2019\/08\/PGM4.jpg\" alt=\"\" class=\"wp-image-466\" srcset=\"https:\/\/ibsousas.org.br\/wp-content\/uploads\/2019\/08\/PGM4.jpg 960w, https:\/\/ibsousas.org.br\/wp-content\/uploads\/2019\/08\/PGM4-300x169.jpg 300w, https:\/\/ibsousas.org.br\/wp-content\/uploads\/2019\/08\/PGM4-768x432.jpg 768w\" sizes=\"(max-width: 960px) 100vw, 960px\" \/><\/figure>\n\n\n\n<figure class=\"wp-block-image\"><img loading=\"lazy\" width=\"960\" height=\"1007\" src=\"https:\/\/ibsousas.org.br\/wp-content\/uploads\/2019\/10\/PGM-Intercambio2.jpeg\" alt=\"\" class=\"wp-image-774\" srcset=\"https:\/\/ibsousas.org.br\/wp-content\/uploads\/2019\/10\/PGM-Intercambio2.jpeg 960w, https:\/\/ibsousas.org.br\/wp-content\/uploads\/2019\/10\/PGM-Intercambio2-286x300.jpeg 286w, https:\/\/ibsousas.org.br\/wp-content\/uploads\/2019\/10\/PGM-Intercambio2-768x806.jpeg 768w\" sizes=\"(max-width: 960px) 100vw, 960px\" \/><\/figure>\n<div class='sfsi_Sicons' style='width: 100%; display: inline-block; vertical-align: middle; text-align:left'><div style='margin:0px 8px 0px 0px; line-height: 24px'><span>((( Curtiu a ben\u00e7\u00e3o? Ent\u00e3o aben\u00e7oe outros compartilhando ! )))<\/span><\/div><div class='sfsi_socialwpr'><div class='sf_fb' style='text-align:left;vertical-align: middle;width:98px'><div class=\"fb-like\" data-href=\"https:\/\/ibsousas.org.br\/?page_id=76\" data-width=\"180\" data-send=\"false\" data-show-faces=\"false\"  data-action=\"like\" data-share=\"true\"data-layout=\"button\" ><\/div><\/div><\/div><\/div>","protected":false},"excerpt":{"rendered":"<p>Nossa Igreja tem em v\u00e1rios dias e hor\u00e1rios reuni\u00f5es em lares, participe de uma! Dentro destas reuni\u00f5es h\u00e1 sempre um grupo especial que trabalha com as crian\u00e7as, que \u00e9 nosso diferencial de trabalho nos lares com rela\u00e7\u00e3o a outros minist\u00e9rios. Veja abaixo os locais onde temos grupos. Jardim Concei\u00e7\u00e3o I &#8211; Sousas ( 19 98110-9867 [&hellip;]<\/p>\n","protected":false},"author":1,"featured_media":0,"parent":0,"menu_order":0,"comment_status":"closed","ping_status":"closed","template":"","meta":[],"_links":{"self":[{"href":"https:\/\/ibsousas.org.br\/index.php?rest_route=\/wp\/v2\/pages\/76"}],"collection":[{"href":"https:\/\/ibsousas.org.br\/index.php?rest_route=\/wp\/v2\/pages"}],"about":[{"href":"https:\/\/ibsousas.org.br\/index.php?rest_route=\/wp\/v2\/types\/page"}],"author":[{"embeddable":true,"href":"https:\/\/ibsousas.org.br\/index.php?rest_route=\/wp\/v2\/users\/1"}],"replies":[{"embeddable":true,"href":"https:\/\/ibsousas.org.br\/index.php?rest_route=%2Fwp%2Fv2%2Fcomments&post=76"}],"version-history":[{"count":20,"href":"https:\/\/ibsousas.org.br\/index.php?rest_route=\/wp\/v2\/pages\/76\/revisions"}],"predecessor-version":[{"id":1285,"href":"https:\/\/ibsousas.org.br\/index.php?rest_route=\/wp\/v2\/pages\/76\/revisions\/1285"}],"wp:attachment":[{"href":"https:\/\/ibsousas.org.br\/index.php?rest_route=%2Fwp%2Fv2%2Fmedia&parent=76"}],"curies":[{"name":"wp","href":"https:\/\/api.w.org\/{rel}","templated":true}]}}

<p>Nossa Igreja tem em vários dias e horários reuniões em lares, participe de uma! Dentro destas reuniões há sempre um grupo especial que trabalha com as crianças, que é nosso diferencial de trabalho nos lares com relação a outros ministérios.</p>



<p></p>



<p class="has-text-align-center"> </p>



<p class="has-text-align-left"><strong>Veja abaixo os locais onde temos grupos.</strong></p>



<p>Jardim Conceição I &#8211; Sousas        ( 19 98110-9867 )</p>



<p>Jardim Conceição II &#8211; Sousas       ( 19 98880-7600 )</p>



<p>Nova Sousas &#8211; Sousas                 ( 19 98296-4509 )</p>



<p>Jd Paranapanema &#8211; Campinas     ( 19 97428-6307 )</p>



<p><strong>Você também pode entrar em contato com o lider do ministério,  Sr Antonio pelo fone: 19 98880-7600, para verificar melhor local e dia para participar.</strong></p>



<figure class="wp-block-image"><img loading="lazy" width="960" height="720" src="http://ibsousas.org.br/wp-content/uploads/2019/08/PGM1.jpg" alt="" class="wp-image-463" srcset="https://ibsousas.org.br/wp-content/uploads/2019/08/PGM1.jpg 960w, https://ibsousas.org.br/wp-content/uploads/2019/08/PGM1-300x225.jpg 300w, https://ibsousas.org.br/wp-content/uploads/2019/08/PGM1-768x576.jpg 768w" sizes="(max-width: 960px) 100vw, 960px" /></figure>



<figure class="wp-block-image"><img loading="lazy" width="960" height="720" src="http://ibsousas.org.br/wp-content/uploads/2019/08/PGM2.jpg" alt="" class="wp-image-464" srcset="https://ibsousas.org.br/wp-content/uploads/2019/08/PGM2.jpg 960w, https://ibsousas.org.br/wp-content/uploads/2019/08/PGM2-300x225.jpg 300w, https://ibsousas.org.br/wp-content/uploads/2019/08/PGM2-768x576.jpg 768w" sizes="(max-width: 960px) 100vw, 960px" /></figure>



<figure class="wp-block-image"><img loading="lazy" width="960" height="720" src="http://ibsousas.org.br/wp-content/uploads/2019/08/PGM3.jpg" alt="" class="wp-image-465" srcset="https://ibsousas.org.br/wp-content/uploads/2019/08/PGM3.jpg 960w, https://ibsousas.org.br/wp-content/uploads/2019/08/PGM3-300x225.jpg 300w, https://ibsousas.org.br/wp-content/uploads/2019/08/PGM3-768x576.jpg 768w" sizes="(max-width: 960px) 100vw, 960px" /></figure>



<figure class="wp-block-image"><img loading="lazy" width="960" height="540" src="http://ibsousas.org.br/wp-content/uploads/2019/08/PGM4.jpg" alt="" class="wp-image-466" srcset="https://ibsousas.org.br/wp-content/uploads/2019/08/PGM4.jpg 960w, https://ibsousas.org.br/wp-content/uploads/2019/08/PGM4-300x169.jpg 300w, https://ibsousas.org.br/wp-content/uploads/2019/08/PGM4-768x432.jpg 768w" sizes="(max-width: 960px) 100vw, 960px" /></figure>



<figure class="wp-block-image"><img loading="lazy" width="960" height="1007" src="https://ibsousas.org.br/wp-content/uploads/2019/10/PGM-Intercambio2.jpeg" alt="" class="wp-image-774" srcset="https://ibsousas.org.br/wp-content/uploads/2019/10/PGM-Intercambio2.jpeg 960w, https://ibsousas.org.br/wp-content/uploads/2019/10/PGM-Intercambio2-286x300.jpeg 286w, https://ibsousas.org.br/wp-content/uploads/2019/10/PGM-Intercambio2-768x806.jpeg 768w" sizes="(max-width: 960px) 100vw, 960px" /></figure>
<div class='sfsi_Sicons' style='width: 100%; display: inline-block; vertical-align: middle; text-align:left'><div style='margin:0px 8px 0px 0px; line-height: 24px'><span>((( Curtiu a benção? Então abençoe outros compartilhando ! )))</span></div><div class='sfsi_socialwpr'><div class='sf_fb' style='text-align:left;vertical-align: middle;width:98px'><div class="fb-like" data-href="https://ibsousas.org.br/?page_id=76" data-width="180" data-send="false" data-show-faces="false"  data-action="like" data-share="true"data-layout="button" ></div></div></div></div>

<p>Nossa Igreja tem em vários dias e horários reuniões em lares, participe de uma! Dentro destas reuniões há sempre um grupo especial que trabalha com as crianças, que é nosso diferencial de trabalho nos lares com relação a outros ministérios. Veja abaixo os locais onde temos grupos. Jardim Conceição I &#8211; Sousas ( 19 98110-9867 [&hellip;]</p>
