{"id":1211,"date":"2021-10-24T11:32:58","date_gmt":"2021-10-24T14:32:58","guid":{"rendered":"https:\/\/ibsousas.org.br\/?page_id=1211"},"modified":"2021-10-24T11:32:59","modified_gmt":"2021-10-24T14:32:59","slug":"somos-igreja-ou-somos-corpo-de-cristo","status":"publish","type":"page","link":"https:\/\/ibsousas.org.br\/?page_id=1211","title":{"rendered":"Somos Igreja ou Somos Corpo de Cristo?"},"content":{"rendered":"\n<p><\/p>\n\n\n\n<p><\/p>\n\n\n\n<p><\/p>\n\n\n\n<p>Paulo insiste v\u00e1rias vezes ao falar \u00e0 Igreja de Corinto que ser Igreja \u00e9 ser Corpo de Cristo. O texto mais famoso e mais expl\u00edcito sobre isto est\u00e1 em 1 Cor\u00edntios 12: 12ss.<\/p>\n\n\n\n<p>E ao ensinar sobre a <strong>Ceia<\/strong> <strong>do Senhor<\/strong>, Paulo traz uma dura exorta\u00e7\u00e3o em 1 Cor\u00edntios 11:20 \u201cquando voc\u00eas se re\u00fanem n\u00e3o \u00e9 a ceia do Senhor que comeis\u201d. Paulo estava denunciando: \u201cvoc\u00eas se re\u00fanem no mesmo lugar, fazem \u201ccoisas de igreja\u201d (como a Ceia), mas n\u00e3o s\u00e3o Corpo de Cristo!\u201d.<\/p>\n\n\n\n<p><strong><u>Temos sido IGREJA ou CORPO DE CRISTO?<\/u><\/strong><\/p>\n\n\n\n<ol type=\"1\"><li><strong><u>Um Lugar que nos Sirva ou um Lugar para Servir?<\/u><\/strong><\/li><\/ol>\n\n\n\n<p>Uma Igreja Batista colocou em seu Folder de divulga\u00e7\u00e3o no Facebook: \u201cpara Paulo Deus se revelou de um jeito, para Mois\u00e9s de outro jeito, Deus se revela a cada um de n\u00f3s de um jeito, qual o jeito que vc precisa de Deus?\u201d Esta frase revela a mentalidade de hoje: <em>procure um Deus que sirva a vc, procure uma Igreja que sirva a vc!<\/em><\/p>\n\n\n\n<ul><li>Deixamos de ser Corpo de Cristo quando procuramos uma Comunidade que nos Sirva ao inv\u00e9s de um Lugar para n\u00f3s nos Servirmos!<\/li><\/ul>\n\n\n\n<p>Esta religi\u00e3o do consumo, da satisfa\u00e7\u00e3o pr\u00f3pria, da religi\u00e3o particular, do individualismo destr\u00f3i sermos CORPO DE CRISTO (Veja quando Mica em Ju\u00edzes 17: 1 a 6 resolve construir sua pr\u00f3pria religi\u00e3o \u2013 depois leia as consequ\u00eancias disto nos cap\u00edtulos 18 a 21 de Ju\u00edzes \u2013 gerou quase a extin\u00e7\u00e3o de uma das tribos de Israel, Benjamim!)<\/p>\n\n\n\n<ul><li><strong><u>Vencendo as Barreiras para Sermos Corpo de Cristo<\/u><\/strong><\/li><\/ul>\n\n\n\n<p>Em 1 Tessalonicenses 2: 17-18 Paulo revela o desejo de estar \u201cpresencialmente\u201d naquela Igreja e revela que os impedimentos que ele teve foram \u201c<em>Satan\u00e1s que nos barrou o caminho<\/em>\u201d.<\/p>\n\n\n\n<p>Voc\u00ea deve conhecer algu\u00e9m que diz ser da \u201cigreja tal\u201d mas n\u00e3o vai l\u00e1 h\u00e1 muito tempo. Algu\u00e9m que se diz Batista, Assembleiano ou simplesmente \u201cCrente\u201d e h\u00e1 tempos n\u00e3o est\u00e1 na Igreja.<\/p>\n\n\n\n<p>Ed Rene Kivitz em uma prega\u00e7\u00e3o sobre Hebreus 10:25 conta que certa vez pegou um T\u00e1xi em Londres e o taxista se dizia da Igreja dele (IBAB) sem nunca ter ido na Igreja dele porque ouvia suas Mensagens pelo YouTube!!!<\/p>\n\n\n\n<ul><li>Satan\u00e1s ir\u00e1 nos impedir de estarmos congregando porque ser Corpo de Cristo \u00e9 estarmos tamb\u00e9m fisicamente juntos!<\/li><\/ul>\n\n\n\n<p>H\u00e1 muitas barreiras de Satan\u00e1s para vencermos para sermos Corpo de Cristo, desde uma doen\u00e7a, um des\u00e2nimo espiritual, pecados (como a pregui\u00e7a) at\u00e9 coisas \u201cboas\u201d como um emprego (<em>ilust: F\u00e1tima, dona de restaurante \/ motorista de Uber<\/em>), familiares e amigos e nossos compromissos com eles (<em>Jesus em Mateus 12: 46-50 \u2013 Tonho em seu Anivers\u00e1rio<\/em>).<\/p>\n\n\n\n<ul><li><strong><u>Relacionamentos Verdadeiros e Profundos<\/u><\/strong><\/li><\/ul>\n\n\n\n<p>Mesmo ap\u00f3s cerca de 5 anos de Capelania na PM foi que de verdade conheci o PM \u201cFulano\u201d. Cheguei na CIA e tive uma conversa com ele aonde sei que sua M\u00e3e vi\u00fava tem um problema de sa\u00fade e est\u00e1 numa Casa de Repouso, Descobri que sua Esposa \u00e9 Cabeleireira num Shopping. Descobri que ele se separou mas voltou e pretende casar de novo com sua Esposa atual. Descobri que ele vai se aposentar e pretende seguir dando Aulas, etc.<\/p>\n\n\n\n<ul><li>Seremos \u201capenas igreja\u201d se vivermos relacionamentos superficiais ou doentes. Para sermos Corpo \u00e9 preciso envolvimento uns com os outros. A mera frequ\u00eancia a uma atividade da Igreja n\u00e3o nos torna Corpo assim como h\u00e1 anos eu ia fazer a Capelania, mas n\u00e3o conhecia de verdade aquela vida!<\/li><\/ul>\n\n\n\n<p>Em Filipenses 4:2 Paulo incentiva duas irm\u00e3s daquela Igreja, Ev\u00f3dia e S\u00edntique, a investirem em seu relacionamento, se consertarem. Porque de fato ser Corpo de Cristo significa viver relacionamentos verdadeiros e profundos, voc\u00ea est\u00e1 disposto a isto? (<em>Discipulados e Pequenos Grupos s\u00e3o ferramentas na Igreja para isto<\/em>).<\/p>\n\n\n\n<p><strong><u>CONCLUS\u00c3O: Voc\u00ea \u00e9 Igreja ou Corpo de Cristo?<\/u><\/strong><\/p>\n\n\n\n<p>Seremos mais que \u201cigreja\u201d, seremos Corpo de Cristo quando:<\/p>\n\n\n\n<p>&#8211; entendermos que a igreja \u00e9 um lugar servirmos e n\u00e3o para nos servir<\/p>\n\n\n\n<p>&#8211; superarmos as barreiras que se levantam para impedir nossa comunh\u00e3o<\/p>\n\n\n\n<p>&#8211; e investirmos em relacionamentos verdadeiros e profundos dentro da comunidade<\/p>\n\n\n\n<p>A Ceia em Corinto n\u00e3o era Ceia porque a Igreja de Corinto n\u00e3o era Corpo. Somente se vivermos a vida de Corpo de Cristo podemos celebrar a Ceia que \u00e9 o Corpo de Cristo, ensina Paulo aos Cor\u00edntios sobre esta ordenan\u00e7a.<\/p>\n\n\n\n<p>A Ceia \u00e9 o Corpo (Igreja) celebrando o Corpo (o sacrif\u00edcio de Cristo), celebremos!!!<\/p>\n<div class='sfsi_Sicons' style='width: 100%; display: inline-block; vertical-align: middle; text-align:left'><div style='margin:0px 8px 0px 0px; line-height: 24px'><span>((( Curtiu a ben\u00e7\u00e3o? Ent\u00e3o aben\u00e7oe outros compartilhando ! )))<\/span><\/div><div class='sfsi_socialwpr'><div class='sf_fb' style='text-align:left;vertical-align: middle;width:98px'><div class=\"fb-like\" data-href=\"https:\/\/ibsousas.org.br\/?page_id=1211\" data-width=\"180\" data-send=\"false\" data-show-faces=\"false\"  data-action=\"like\" data-share=\"true\"data-layout=\"button\" ><\/div><\/div><\/div><\/div>","protected":false},"excerpt":{"rendered":"<p>Paulo insiste v\u00e1rias vezes ao falar \u00e0 Igreja de Corinto que ser Igreja \u00e9 ser Corpo de Cristo. O texto mais famoso e mais expl\u00edcito sobre isto est\u00e1 em 1 Cor\u00edntios 12: 12ss. E ao ensinar sobre a Ceia do Senhor, Paulo traz uma dura exorta\u00e7\u00e3o em 1 Cor\u00edntios 11:20 \u201cquando voc\u00eas se re\u00fanem n\u00e3o [&hellip;]<\/p>\n","protected":false},"author":1,"featured_media":0,"parent":0,"menu_order":0,"comment_status":"closed","ping_status":"closed","template":"","meta":[],"_links":{"self":[{"href":"https:\/\/ibsousas.org.br\/index.php?rest_route=\/wp\/v2\/pages\/1211"}],"collection":[{"href":"https:\/\/ibsousas.org.br\/index.php?rest_route=\/wp\/v2\/pages"}],"about":[{"href":"https:\/\/ibsousas.org.br\/index.php?rest_route=\/wp\/v2\/types\/page"}],"author":[{"embeddable":true,"href":"https:\/\/ibsousas.org.br\/index.php?rest_route=\/wp\/v2\/users\/1"}],"replies":[{"embeddable":true,"href":"https:\/\/ibsousas.org.br\/index.php?rest_route=%2Fwp%2Fv2%2Fcomments&post=1211"}],"version-history":[{"count":1,"href":"https:\/\/ibsousas.org.br\/index.php?rest_route=\/wp\/v2\/pages\/1211\/revisions"}],"predecessor-version":[{"id":1212,"href":"https:\/\/ibsousas.org.br\/index.php?rest_route=\/wp\/v2\/pages\/1211\/revisions\/1212"}],"wp:attachment":[{"href":"https:\/\/ibsousas.org.br\/index.php?rest_route=%2Fwp%2Fv2%2Fmedia&parent=1211"}],"curies":[{"name":"wp","href":"https:\/\/api.w.org\/{rel}","templated":true}]}}