{"id":113,"date":"2019-08-09T10:21:45","date_gmt":"2019-08-09T13:21:45","guid":{"rendered":"https:\/\/ibsousas.org.br\/?page_id=113"},"modified":"2019-08-12T17:43:11","modified_gmt":"2019-08-12T20:43:11","slug":"historia","status":"publish","type":"page","link":"https:\/\/ibsousas.org.br\/?page_id=113","title":{"rendered":"Hist\u00f3ria"},"content":{"rendered":"\n<p><strong>Hist\u00f3ria da IBS<\/strong><\/p>\n\n\n\n<ul><li><a href=\"http:\/\/ibsousas.org.br\/wp-content\/uploads\/2019\/08\/BOLETIM-HISTORICO-SETEMBRO-2003.jpg\">Boletim da IBS Comemorativo de 21\/09\/2003<\/a>, quando ainda comemor\u00e1vamos 2 anos de trabalho e como Miss\u00e3o ainda. Rememore o nome das pessoas e tudo o mais\u2026<\/li><li><a href=\"https:\/\/ibsousas.org.br\/wp-content\/uploads\/2019\/08\/BOLETIM-IGREJA-ORGANIZADA.jpg\">Primeiro boletim hist\u00f3rico como Igreja organizada, 23 de setembro de 2007<\/a><\/li><\/ul>\n\n\n\n<hr class=\"wp-block-separator\"\/>\n\n\n\n<p><strong>Resumo da Hist\u00f3ria dos Batistas<\/strong><br><\/p>\n\n\n\n<p>Clique nos Boletins abaixo aonde voc\u00ea ter\u00e1 um resumo da Hist\u00f3ria dos Batistas:<\/p>\n\n\n\n<ul><li><a href=\"http:\/\/ibsousas.org.br\/wp-content\/uploads\/2019\/08\/HISTORIA-DOS-BATISTAS-I-E-II-1006x1024.jpg\">HIST\u00d3RIA DOS BATISTAS I E II<\/a><\/li><li><a href=\"http:\/\/ibsousas.org.br\/wp-content\/uploads\/2019\/08\/HISTORIA-DOS-BATISTAS-III-E-IV-927x1024.jpg\">HIST\u00d3RIA DOS BATISTAS III E IV<\/a><\/li><\/ul>\n\n\n\n<hr class=\"wp-block-separator\"\/>\n<div class='sfsi_Sicons' style='width: 100%; display: inline-block; vertical-align: middle; text-align:left'><div style='margin:0px 8px 0px 0px; line-height: 24px'><span>((( Curtiu a ben\u00e7\u00e3o? Ent\u00e3o aben\u00e7oe outros compartilhando ! )))<\/span><\/div><div class='sfsi_socialwpr'><div class='sf_fb' style='text-align:left;vertical-align: middle;width:98px'><div class=\"fb-like\" data-href=\"https:\/\/ibsousas.org.br\/?page_id=113\" data-width=\"180\" data-send=\"false\" data-show-faces=\"false\"  data-action=\"like\" data-share=\"true\"data-layout=\"button\" ><\/div><\/div><\/div><\/div>","protected":false},"excerpt":{"rendered":"<p>Hist\u00f3ria da IBS Boletim da IBS Comemorativo de 21\/09\/2003, quando ainda comemor\u00e1vamos 2 anos de trabalho e como Miss\u00e3o ainda. Rememore o nome das pessoas e tudo o mais\u2026 Primeiro boletim hist\u00f3rico como Igreja organizada, 23 de setembro de 2007 Resumo da Hist\u00f3ria dos Batistas Clique nos Boletins abaixo aonde voc\u00ea ter\u00e1 um resumo da [&hellip;]<\/p>\n","protected":false},"author":1,"featured_media":0,"parent":0,"menu_order":0,"comment_status":"closed","ping_status":"closed","template":"","meta":[],"_links":{"self":[{"href":"https:\/\/ibsousas.org.br\/index.php?rest_route=\/wp\/v2\/pages\/113"}],"collection":[{"href":"https:\/\/ibsousas.org.br\/index.php?rest_route=\/wp\/v2\/pages"}],"about":[{"href":"https:\/\/ibsousas.org.br\/index.php?rest_route=\/wp\/v2\/types\/page"}],"author":[{"embeddable":true,"href":"https:\/\/ibsousas.org.br\/index.php?rest_route=\/wp\/v2\/users\/1"}],"replies":[{"embeddable":true,"href":"https:\/\/ibsousas.org.br\/index.php?rest_route=%2Fwp%2Fv2%2Fcomments&post=113"}],"version-history":[{"count":12,"href":"https:\/\/ibsousas.org.br\/index.php?rest_route=\/wp\/v2\/pages\/113\/revisions"}],"predecessor-version":[{"id":445,"href":"https:\/\/ibsousas.org.br\/index.php?rest_route=\/wp\/v2\/pages\/113\/revisions\/445"}],"wp:attachment":[{"href":"https:\/\/ibsousas.org.br\/index.php?rest_route=%2Fwp%2Fv2%2Fmedia&parent=113"}],"curies":[{"name":"wp","href":"https:\/\/api.w.org\/{rel}","templated":true}]}}