{"id":74,"date":"2019-08-04T21:04:41","date_gmt":"2019-08-05T00:04:41","guid":{"rendered":"http:\/\/ibsousas.org.br\/?page_id=74"},"modified":"2019-08-09T17:28:26","modified_gmt":"2019-08-09T20:28:26","slug":"atividades","status":"publish","type":"page","link":"http:\/\/ibsousas.org.br\/?page_id=74","title":{"rendered":"Atividades"},"content":{"rendered":"\n<ul><li><a href=\"http:\/\/ibsousas.org.br\/?cat=7\">Lares<\/a><\/li><li><a href=\"http:\/\/ibsousas.org.br\/?page_id=78\">EBD &#8211; Escola B\u00edblica Dominical<\/a><\/li><li><a href=\"http:\/\/ibsousas.org.br\/?page_id=80\">Discipulado<\/a><\/li><li><a href=\"http:\/\/ibsousas.org.br\/?page_id=110\">Casais<\/a><\/li><li><a href=\"http:\/\/ibsousas.org.br\/?cat=7\">Eventos<\/a><\/li><\/ul>\n<div class='sfsi_Sicons' style='width: 100%; display: inline-block; vertical-align: middle; text-align:left'><div style='margin:0px 8px 0px 0px; line-height: 24px'><span>((( Curtiu a ben\u00e7\u00e3o? Ent\u00e3o aben\u00e7oe outros compartilhando ! )))<\/span><\/div><div class='sfsi_socialwpr'><div class='sf_fb' style='text-align:left;vertical-align: middle;width:98px'><div class=\"fb-like\" data-href=\"http:\/\/ibsousas.org.br\/?page_id=74\" data-width=\"180\" data-send=\"false\" data-show-faces=\"false\"  data-action=\"like\" data-share=\"true\"data-layout=\"button\" ><\/div><\/div><\/div><\/div>","protected":false},"excerpt":{"rendered":"<p>Lares EBD &#8211; Escola B\u00edblica Dominical Discipulado Casais Eventos ((( Curtiu a ben\u00e7\u00e3o? Ent\u00e3o aben\u00e7oe outros compartilhando ! )))<\/p>\n","protected":false},"author":1,"featured_media":0,"parent":0,"menu_order":0,"comment_status":"closed","ping_status":"closed","template":"","meta":[],"_links":{"self":[{"href":"http:\/\/ibsousas.org.br\/index.php?rest_route=\/wp\/v2\/pages\/74"}],"collection":[{"href":"http:\/\/ibsousas.org.br\/index.php?rest_route=\/wp\/v2\/pages"}],"about":[{"href":"http:\/\/ibsousas.org.br\/index.php?rest_route=\/wp\/v2\/types\/page"}],"author":[{"embeddable":true,"href":"http:\/\/ibsousas.org.br\/index.php?rest_route=\/wp\/v2\/users\/1"}],"replies":[{"embeddable":true,"href":"http:\/\/ibsousas.org.br\/index.php?rest_route=%2Fwp%2Fv2%2Fcomments&post=74"}],"version-history":[{"count":4,"href":"http:\/\/ibsousas.org.br\/index.php?rest_route=\/wp\/v2\/pages\/74\/revisions"}],"predecessor-version":[{"id":355,"href":"http:\/\/ibsousas.org.br\/index.php?rest_route=\/wp\/v2\/pages\/74\/revisions\/355"}],"wp:attachment":[{"href":"http:\/\/ibsousas.org.br\/index.php?rest_route=%2Fwp%2Fv2%2Fmedia&parent=74"}],"curies":[{"name":"wp","href":"https:\/\/api.w.org\/{rel}","templated":true}]}}